2*s = 4*s + 4*t - 16, -2*s + 21 = 5*t. What is the remainder when (s - 0) + 26/2 is divided by 4?
3
Let z(p) = p - 1. Let h be z(3). Suppose -1 = -l + h. Let j(a) = -a + 10. Calculate the remainder when j(5) is divided by l.
2
Suppose -43 = -y + n - 3*n, -71 = -2*y + n. Calculate the remainder when y is divided by 20.
17
Let v = 13 + -19. Let q(a) = a**3 + 5*a**2 - 9*a - 8. What is the remainder when 29 is divided by q(v)?
9
Let m(o) = o**2 + 5*o - 6. Calculate the remainder when 125 is divided by m(-7).
5
Let k(t) = 17*t**2 - t - 1. Calculate the remainder when ((-1)/(-1))/((-8)/(-124))*2 is divided by k(-1).
14
Suppose 2*p - 22 = -2*x, -2*p - 13 - 15 = -3*x. Suppose 15*q - 75 = x*q. What is the remainder when 56 is divided by q?
11
Let b be 5/(-2)*(-24)/30. Calculate the remainder when -2 + (b - 1)*11 is divided by 5.
4
Suppose 0 = -0*i + 2*i - 4. Calculate the remainder when 6 is divided by i.
0
What is the remainder when ((-3)/(6/(-38)))/((-4)/(-12)) is divided by 15?
12
Let p = 6 - 6. Suppose 3*a + f = -p*f + 77, 4*a + 5*f = 99. Suppose z + i - a - 8 = 0, 39 = z - 4*i. Calculate the remainder when z is divided by 9.
8
Calculate the remainder when (138/5)/(3/15) is divided by 47.
44
Let t be 40 + 0/(1 - -3). Let k = t + -25. What is the remainder when 44 is divided by k?
14
Let g(q) = q**3 + 6*q**2 + 2*q. Let f be -3 - 1*(-1 + 2). Let n = -7 - -20. What is the remainder when g(f) is divided by n?
11
Let d = 19 - 13. What is the remainder when 14 is divided by 5/(-15) - (-32)/d?
4
Suppose 4*d + 0*d - 16 = 0. Let l(o) = 3*o**2 - 12*o + 16. Calculate the remainder when l(3) is divided by d.
3
Let k = 6 + 0. Let g be 2*3/k*0. Let u(m) = -m + 21. Calculate the remainder when 41 is divided by u(g).
20
Let q(y) = -y**3 - 4*y**2 - 5*y - 5. What is the remainder when 59 is divided by q(-4)?
14
Let h = 23 + -6. What is the remainder when 32 is divided by h?
15
Suppose -195 = -7*m + 2*m. Calculate the remainder when 76 is divided by m.
37
Suppose -19 = -y + 12. What is the remainder when 122 is divided by y?
29
Let b(a) = a**3 - 13*a**2 - 12*a - 13. Let t be b(14). Suppose -h = 3 - t. Let g(c) = c**3 + 3*c**2 - 5*c + 3. What is the remainder when h is divided by g(-4)?
5
Suppose -3*x - 8 - 7 = 0. Calculate the remainder when 45 is divided by ((-8)/x + -2)*-40.
13
Let q(x) = -6*x. What is the remainder when 23 is divided by q(-2)?
11
Suppose 0 = -2*u - 5 - 3. Let k = 104 + -49. Calculate the remainder when k is divided by u/(-6)*342/12.
17
Suppose 2*z = -2*g + 4*z + 30, -g = z - 9. Calculate the remainder when 22 is divided by g.
10
Let v(t) = -t**2 + 7*t + 2. Let o be v(7). What is the remainder when (-18)/(o/(-1 + 0)) is divided by 6?
3
Suppose 4*y = 114 + 50. What is the remainder when y is divided by 16?
9
Suppose 2*k + 2 = -2, -4*f - 3*k - 34 = 0. Let j(t) = t**2 + 6*t + 6. Let x(n) = -26*n - 1. What is the remainder when x(-1) is divided by j(f)?
12
Suppose 41 = -5*x + 4*l + 123, 3*x - 3*l - 48 = 0. Let i(f) = -f**3 - 2*f**2 - 5*f + 1. Calculate the remainder when i(-4) is divided by x.
17
Suppose 187 = 4*n - 0*p + 3*p, 5*n = -2*p + 225. Suppose 3*a = -a - 16. Calculate the remainder when n is divided by a/10 + (-385)/(-25).
13
Suppose n = 5, -2*n - 15 = -0*w + w. Let o = 1 - w. Calculate the remainder when o is divided by 7.
5
What is the remainder when 177/((-5)/15*-9) is divided by 12?
11
Suppose -4*p + 24 = 4*i, 14 - 2 = 2*i - p. Suppose 3*z + 5 = 2*r + 26, 0 = 3*z + 5*r. Suppose z*l + 0*l = 105. Calculate the remainder when l is divided by i.
3
Let y = 163 - 148. What is the remainder when y is divided by 13?
2
Suppose d - 2 = 3. Let o(r) = -r**2 - 12*r - 4. Calculate the remainder when o(-9) is divided by d.
3
Suppose g + g + 6 = -3*l, 4*g - 4*l = 8. Let b be g/((-3)/(3 - 0)). Suppose -2*q + 6*q - 8 = b. What is the remainder when 4 is divided by q?
0
Suppose 56 = 6*p - 5*p - 4*f, -2*f + 170 = 4*p. Let m(r) = -r**3 + r**2 - r - 1. Let l be m(0). Calculate the remainder when p is divided by 14 - (-2 - -3)/l.
14
Let w(d) = d**2 - 5*d - 60. What is the remainder when w(13) is divided by 28?
16
Let z = 10 + -6. Suppose -14 = -z*u + 2. Suppose -3*j = -t - 20, -t - 2 = -0*t. What is the remainder when j is divided by u?
2
Let u = -7 - -8. Suppose 3*s = 2*s + 3*i - 3, s + u = 5*i. What is the remainder when 880/15 - 2/s is divided by 20?
19
Let h(c) = -3*c - 3. What is the remainder when 93 is divided by h(-9)?
21
Calculate the remainder when 109/3 - 1/3 is divided by 13.
10
Suppose 0 = n + 2*n - 3*s + 6, 5*n + 8 = 3*s. Let w = n + 12. Calculate the remainder when 21 is divided by w.
10
Suppose 132 = 2*a - 5*h, 4*a = a + 2*h + 198. Suppose -4*z = -5*l - 70, 3*z - l - a = -19. Calculate the remainder when 58 is divided by z.
13
Suppose 2*u = -24 + 108. Calculate the remainder when u is divided by 15.
12
Let k(v) = -v**3 - 3*v**2 - 2*v - 6. Calculate the remainder when -2 + 3 + 51 + 0 is divided by k(-4).
16
Let u = 1 + 5. Calculate the remainder when 27 is divided by u.
3
Let z(d) = 2*d**2 - d. Let n be (-8)/5 - (-4)/(-10). Let t be z(n). Let u(q) = q**3 - 10*q**2 + 2*q - 3. Calculate the remainder when 33 is divided by u(t).
16
Let f = -24 + 53. Calculate the remainder when 171 is divided by f.
26
Let o(r) = -r**3 - 3*r**2 - 3*r - 5. Calculate the remainder when 44 is divided by o(-4).
21
Suppose 0 = -3*m - 5*f + 20 + 14, 4*m - 22 = -2*f. Suppose -2*s - 8 = 0, 5*s - 2*s = -5*n + m. Calculate the remainder when 8 is divided by n.
2
Suppose 0 = 3*i + 4*i - 329. What is the remainder when 186 is divided by i?
45
Suppose h = 2*h - 4. Suppose 8*t = 3*t. Let l = t + 10. What is the remainder when l is divided by h?
2
Let a(n) = -n**2 - 25*n - 11. Calculate the remainder when a(-22) is divided by 8.
7
What is the remainder when 21 is divided by 2*(-2 + (-6)/(-1))?
5
Let i = 3 - 0. Calculate the remainder when 14 is divided by 2/i - 154/(-21).
6
Let m = 54 - 22. Calculate the remainder when m is divided by 17.
15
Suppose 18 = -3*o + 5*o. Let p(x) = 6*x**2 - 1. Let i be (5/(-10))/((-2)/4). What is the remainder when o is divided by p(i)?
4
Suppose -5*f = -f, -5*i + 4*f = -30. Let j = -22 + 31. Let d(x) = x**3 - 8*x**2 - 7*x - 7. Calculate the remainder when d(j) is divided by i.
5
Let k = 41 - 26. Suppose 84 = 2*w - 0*q + 2*q, -4*w + 182 = -3*q. What is the remainder when w is divided by k?
14
Let f(b) = -4*b + 51. Calculate the remainder when f(-20) is divided by 33.
32
Let a be 0 + -1 + -3 - -159. Suppose a + 166 = 3*h. What is the remainder when h is divided by 27?
26
Let u = 144 - 50. Suppose -2*q + 2*b = -2*b - 52, -101 = -4*q + 5*b. Calculate the remainder when u is divided by q.
22
Let f = -57 + 81. Let p(l) = 31*l + 2. What is the remainder when p(3) is divided by f?
23
Let b(x) = -x + 4. Let q be b(-2). Let f(i) = 2*i + 1. Calculate the remainder when f(q) is divided by 8.
5
Let s = -23 + 32. Suppose -2*a = 3*a - 120. Calculate the remainder when a is divided by s.
6
Let h be ((-64)/(-5) - 2)*5. Let u be (-1 - 54)*2/(-5). Suppose u - h = -2*x. Calculate the remainder when x is divided by 6.
4
Suppose 5*u - 65 = -5*t, -5*u - t + 72 = -3*t. Calculate the remainder when ((-1)/(-2))/(4/424) is divided by u.
11
Let v(n) = n**3 + 4. Let z be v(0). Suppose -z*y + 16 = -0*y. What is the remainder when 7 is divided by 6/(4 + (2 - y))?
1
Let n be -7 + 5 + (-7)/(-1). Suppose 3*l + 10*x - 5 = n*x, -5*x = 4*l. What is the remainder when 14 is divided by l/(0 + -1)*1?
4
Let f(b) = -b. Let x(q) = -q**2 - 2*q - 2. Let v(g) = 4*f(g) + x(g). Calculate the remainder when 9 is divided by v(-5).
0
Let s = 66 - 28. Calculate the remainder when 149 is divided by s.
35
Suppose 0 = -2*t - 3*t + 25. Calculate the remainder when 15 is divided by t.
0
Let m be 1/((-2)/42*-3). Let z = m - 4. Let f = 8 + 2. Calculate the remainder when f is divided by z.
1
Let k(y) = -7*y - 2. Let p be k(-2). Let l(h) = -21*h + 1. Calculate the remainder when l(-1) is divided by ((-12)/10)/(p/(-80)).
6
Let m be 40/12 - 4/(-6). What is the remainder when (12/15)/(m/150) is divided by 16?
14
Let v(t) = 18*t**3 - 2*t**2 + 2*t - 1. Let f(k) = -k**2 + 4*k - 3. Let m be f(2). Calculate the remainder when -1 - -32 - (-2 - -1) is divided by v(m).
15
Let z(p) = 2*p**2 - p + 1. Let a(h) = -h**3 + 